{"id":1680,"date":"2023-03-14T22:00:40","date_gmt":"2023-03-14T21:00:40","guid":{"rendered":"https:\/\/csbwv.de\/?page_id=1680"},"modified":"2024-09-17T12:44:28","modified_gmt":"2024-09-17T10:44:28","slug":"fachkraefte-fuer-schutz-und-sicherheit","status":"publish","type":"page","link":"https:\/\/csbwv.de\/index.php\/fachkraefte-fuer-schutz-und-sicherheit\/","title":{"rendered":"Fachkr\u00e4fte f\u00fcr Schutz und Sicherheit"},"content":{"rendered":"<p>[et_pb_section fb_built=&#8220;1&#8243; fullwidth=&#8220;on&#8220; _builder_version=&#8220;4.19.4&#8243; _module_preset=&#8220;default&#8220; global_colors_info=&#8220;{}&#8220;][et_pb_fullwidth_slider _builder_version=&#8220;4.20.2&#8243; _module_preset=&#8220;default&#8220; header_level=&#8220;h1&#8243; header_font_size=&#8220;50px&#8220; body_text_align=&#8220;right&#8220; body_font_size=&#8220;18px&#8220; background_enable_image=&#8220;off&#8220; content_width=&#8220;95%&#8220; max_height=&#8220;450px&#8220; max_height_tablet=&#8220;&#8220; max_height_phone=&#8220;400px&#8220; max_height_last_edited=&#8220;on|phone&#8220; custom_padding=&#8220;150px||||false|false&#8220; custom_padding_tablet=&#8220;&#8220; custom_padding_phone=&#8220;20px||||false|false&#8220; custom_padding_last_edited=&#8220;on|desktop&#8220; header_font_size_tablet=&#8220;50px&#8220; header_font_size_phone=&#8220;38px&#8220; header_font_size_last_edited=&#8220;on|phone&#8220; body_font_size_tablet=&#8220;18px&#8220; body_font_size_phone=&#8220;18px&#8220; body_font_size_last_edited=&#8220;on|phone&#8220; background_last_edited=&#8220;on|desktop&#8220; background_position_tablet=&#8220;bottom_left&#8220; background_position_phone=&#8220;bottom_left&#8220; header_text_shadow_style=&#8220;preset5&#8243; body_text_shadow_style=&#8220;preset5&#8243; text_shadow_style=&#8220;preset5&#8243; global_colors_info=&#8220;{}&#8220;][et_pb_slide heading=&#8220;Fachkr\u00e4fte f\u00fcr Schutz und Sicherheit&#8220; use_bg_overlay=&#8220;off&#8220; use_text_overlay=&#8220;on&#8220; text_overlay_color=&#8220;rgba(0,99,181,0.75)&#8220; text_border_radius=&#8220;0px&#8220; heading_tablet=&#8220;Automobilkaufmann\/-frau&#8220; heading_phone=&#8220;Automobilkaufmann\/-frau&#8220; heading_last_edited=&#8220;off|desktop&#8220; content_tablet=&#8220;&#8220; content_phone=&#8220;&#8220; content_last_edited=&#8220;on|tablet&#8220; _builder_version=&#8220;4.20.2&#8243; _module_preset=&#8220;default&#8220; header_text_align=&#8220;right&#8220; header_text_color=&#8220;#FFFFFF&#8220; header_font_size=&#8220;50px&#8220; body_text_align=&#8220;right&#8220; body_font_size=&#8220;17px&#8220; background_color=&#8220;#006DB6&#8243; background_enable_color=&#8220;on&#8220; background_image=&#8220;https:\/\/csbwv.de\/wp-content\/uploads\/2023\/03\/SI-Banner-1920-450.jpg&#8220; background_enable_image=&#8220;on&#8220; background_position=&#8220;bottom_right&#8220; header_text_align_tablet=&#8220;right&#8220; header_text_align_phone=&#8220;right&#8220; header_text_align_last_edited=&#8220;on|desktop&#8220; header_font_size_tablet=&#8220;44px&#8220; header_font_size_phone=&#8220;18px&#8220; header_font_size_last_edited=&#8220;on|phone&#8220; body_text_color_tablet=&#8220;&#8220; body_text_color_phone=&#8220;&#8220; body_text_color_last_edited=&#8220;on|desktop&#8220; background_last_edited=&#8220;off|desktop&#8220; background_enable_image_phone=&#8220;off&#8220; background_position_phone=&#8220;bottom_left&#8220; header_text_shadow_style=&#8220;preset5&#8243; global_colors_info=&#8220;{}&#8220; header_font_size__hover_enabled=&#8220;on|desktop&#8220; header_font_size__hover=&#8220;50px&#8220; sticky_transition=&#8220;on&#8220;][\/et_pb_slide][\/et_pb_fullwidth_slider][\/et_pb_section][et_pb_section fb_built=&#8220;1&#8243; specialty=&#8220;on&#8220; _builder_version=&#8220;4.19.4&#8243; _module_preset=&#8220;default&#8220; custom_margin=&#8220;0px||0px||false|false&#8220; custom_padding=&#8220;0px||0px||false|false&#8220; global_colors_info=&#8220;{}&#8220;][et_pb_column type=&#8220;3_4&#8243; specialty_columns=&#8220;3&#8243; _builder_version=&#8220;4.16&#8243; custom_padding=&#8220;|||&#8220; global_colors_info=&#8220;{}&#8220; custom_padding__hover=&#8220;|||&#8220;][et_pb_row_inner _builder_version=&#8220;4.19.4&#8243; _module_preset=&#8220;default&#8220; custom_margin=&#8220;0px||0px||false|false&#8220; custom_padding=&#8220;||15px|||&#8220; global_colors_info=&#8220;{}&#8220;][et_pb_column_inner saved_specialty_column_type=&#8220;3_4&#8243; _builder_version=&#8220;4.19.4&#8243; _module_preset=&#8220;default&#8220; global_colors_info=&#8220;{}&#8220;][et_pb_text content_tablet=&#8220;<\/p>\n<h1>Automobilkaufmann\/-frau<strong><\/strong><\/h1>\n<p>&#8220; content_phone=&#8220;<\/p>\n<h1>Automobilkaufmann\/-frau<strong><\/strong><\/h1>\n<p>&#8220; content_last_edited=&#8220;off|desktop&#8220; disabled_on=&#8220;on|off|off&#8220; _builder_version=&#8220;4.20.2&#8243; _module_preset=&#8220;default&#8220; header_font_size=&#8220;26px&#8220; custom_margin=&#8220;||||false|false&#8220; animation_style=&#8220;slide&#8220; animation_direction=&#8220;top&#8220; header_font_tablet=&#8220;&#8220; header_font_phone=&#8220;&#8220; header_font_last_edited=&#8220;on|tablet&#8220; header_text_color_tablet=&#8220;&#8220; header_text_color_phone=&#8220;&#8220; header_text_color_last_edited=&#8220;on|phone&#8220; global_colors_info=&#8220;{}&#8220;]<\/p>\n<h1>Fachkr\u00e4fte f\u00fcr Schutz und Sicherheit<o:p><\/o:p><o:p><\/o:p><\/h1>\n<p>[\/et_pb_text][et_pb_text _builder_version=&#8220;4.20.2&#8243; _module_preset=&#8220;default&#8220; header_5_line_height=&#8220;1.5em&#8220; custom_margin=&#8220;||20px|||&#8220; animation_style=&#8220;fade&#8220; global_colors_info=&#8220;{}&#8220;]<\/p>\n<p>Fachkr\u00e4fte und Servicekr\u00e4fte f\u00fcr Schutz und Sicherheit sch\u00fctzen Personen, Objekte, Anlagen und Werte. Sie planen vorbeugende Ma\u00dfnahmen f\u00fcr deren Sicherheit bzw. zur Abwehr von Gefahren und f\u00fchren sie durch.<\/p>\n<p>Die neue Werksniederlassung am Stadtrand soll mit modernster Sicherheitstechnik ausger\u00fcstet werden? Ein Bauherr m\u00f6chte seinen Neubau mit einer Alarmanlage ausstatten? Ein Politiker ben\u00f6tigt Personenschutz? Fachkr\u00e4fte f\u00fcr Schutz und Sicherheit beraten ihre Kunden \u00fcber die jeweils angemessenen Sicherheits- oder Abwehrma\u00dfnahmen. Zun\u00e4chst analysieren sie das Gef\u00e4hrdungspotenzial. Sie wissen, welche Ma\u00dfnahmen f\u00fcr welche Gefahrensituationen geeignet sind und arbeiten entsprechende Angebote aus. Schlie\u00dflich k\u00fcmmern sie sich um die Beschaffung von sicherheitstechnischen Einrichtungen, z. B. von Videokameras oder Bewegungsmeldern, installieren sie bzw. \u00fcberwachen deren Installation und nehmen sie in Betrieb. Typische Aufgaben und Arbeitsgebiete sind:<\/p>\n<ul>\n<li>Sicherheitsberatung<\/li>\n<li>Erarbeitung von Sicherheitskonzepten<\/li>\n<li>Objekt- bzw. Werkschutz und Geb\u00e4ude\u00fcberwachung<\/li>\n<li>Revier- und Interventionsdienst<\/li>\n<li>Veranstaltungsdienst<\/li>\n<li>Werttransport<\/li>\n<li>Personenschutz<\/li>\n<\/ul>\n<p>Um den Anforderungen dieser Aufgaben und Arbeitsgebiete gerecht werden zu k\u00f6nnen, ist eine breite berufliche Handlungskompetenz, differenziert nach Fach-, Sozial- und Humankompetenz, erforderlich.<\/p>\n<p>[\/et_pb_text][et_pb_text _builder_version=&#8220;4.20.2&#8243; _module_preset=&#8220;default&#8220; custom_margin=&#8220;||||false|false&#8220; custom_padding=&#8220;1px|||||&#8220; animation_style=&#8220;fade&#8220; global_colors_info=&#8220;{}&#8220;]<\/p>\n<h3>Servicefachkr\u00e4fte f\u00fcr Schutz und Sicherheit (2-j\u00e4hrig)<\/h3>\n<p>Servicefachkr\u00e4fte f\u00fcr Schutz und Sicherheit besch\u00e4ftigen sich mit vorbeugenden Ma\u00dfnahmen zum Schutz von Objekten und Personen und \u00fcberpr\u00fcfen die Funktionst\u00fcchtigkeit von Alarmanlagen, Noteinrichtungen, f\u00fchren Kontrollen durch und \u00fcberwachen den Publikumsverkehr. Die Ausbildung ist zweij\u00e4hrig. Es besteht die M\u00f6glichkeit sich die bereits absolvierten Pr\u00fcfungsleistungen und Ausbildungszeiten f\u00fcr die weitere Ausbildung als Fachkraft f\u00fcr Schutz und Sicherheit (3-j\u00e4hrig) anrechnen zu lassen.<\/p>\n<p>[\/et_pb_text][et_pb_text _builder_version=&#8220;4.20.2&#8243; _module_preset=&#8220;default&#8220; custom_margin=&#8220;||||false|false&#8220; animation_style=&#8220;fade&#8220; global_colors_info=&#8220;{}&#8220;]<\/p>\n<h3>Aufnahmevoraussetzungen<\/h3>\n<p>Aufgenommen in die Berufsschule werden Auszubildende mit einem entsprechenden Ausbildungsvertrag. Die Anmeldung erfolgt \u00fcber die Ausbildungsbetriebe. Nach dem Berufsbildungsgesetz ist keine bestimmte Schulbildung vorgeschrieben.<\/p>\n<p>Vor Beginn der Ausbildung ist die gesundheitliche Eignung zur Aus\u00fcbung des Berufs in Form eines \u00e4rztlichen Attests nachzuweisen. Zus\u00e4tzlich wird ein polizeiliches F\u00fchrungszeugnis verlangt. Teilweise wird von den Ausbildungsbetrieben ein Mindestalter von 18 Jahren und damit verbunden der F\u00fchrerschein Klasse B vorausgesetzt.<\/p>\n<p>[\/et_pb_text][et_pb_text _builder_version=&#8220;4.20.2&#8243; _module_preset=&#8220;default&#8220; custom_margin=&#8220;||||false|false&#8220; custom_padding=&#8220;0px|||||&#8220; animation_style=&#8220;fade&#8220; global_colors_info=&#8220;{}&#8220;]<\/p>\n<h3>Bildungsgangorganisation<\/h3>\n<h4>Unterrichtsf\u00e4cher<\/h4>\n<p><strong>Berufsbezogener Bereich:<\/strong><\/p>\n<ul>\n<li>Gesch\u00e4ftsprozesse und Betriebsorganisation<\/li>\n<li>Rechtsvorschriften und deeskalierendes Handeln<\/li>\n<li>Schutzma\u00dfnahmen und Sicherheitstechnik<\/li>\n<li>Datenverarbeitung<\/li>\n<\/ul>\n<p><strong>Berufs\u00fcbergreifender Bereich:<\/strong><\/p>\n<ul>\n<li>Deutsch \/ Kommunikation<\/li>\n<li>Englisch \/ Fremdsprachliche Kommunikation<\/li>\n<li>Politik \/ Gesellschaftslehre<\/li>\n<li>Religionslehre<\/li>\n<li>Sport \/ Gesundheitsf\u00f6rderung<\/li>\n<\/ul>\n<ul><\/ul>\n<p><strong>Ausbildungsdauer: <\/strong><\/p>\n<p>Servicefachkraft f\u00fcr Schutz und Sicherheit: zwei Jahre<\/p>\n<p>Fachkraft f\u00fcr Schutz und Sicherheit: drei Jahre<\/p>\n<p>Eine Verk\u00fcrzung ist bei entsprechender schulischer Vorbildung oder guten Leistungen in Schule und Betrieb m\u00f6glich. Ein Antrag auf Verk\u00fcrzung muss bei der Industrie- und Handelskammer gestellt werden.<\/p>\n<p><strong>Unterrichtsorganisation:<\/strong><\/p>\n<p>Der Unterricht findet im ersten und zweiten Ausbildungsjahr jeweils an zwei Tagen pro Woche mit insgesamt 12 bis 14 Unterrichtsstunden statt. Im dritten Ausbildungsjahr findet der Unterricht an einem Wochentag mit 8 Unterrichtsstunden statt.<\/p>\n<p>[\/et_pb_text][\/et_pb_column_inner][\/et_pb_row_inner][\/et_pb_column][et_pb_column type=&#8220;1_4&#8243; _builder_version=&#8220;4.16&#8243; custom_padding=&#8220;|||&#8220; global_colors_info=&#8220;{}&#8220; custom_padding__hover=&#8220;|||&#8220;][et_pb_text _builder_version=&#8220;4.25.0&#8243; _module_preset=&#8220;default&#8220; custom_margin=&#8220;||3px|||&#8220; custom_padding=&#8220;||0px|||&#8220; animation_style=&#8220;fade&#8220; animation_delay=&#8220;500ms&#8220; global_colors_info=&#8220;{}&#8220;]<\/p>\n<h4>Ihre Ansprechpartner:<\/h4>\n<p>[\/et_pb_text][et_pb_team_member name=&#8220;Udo Wibbe&#8220; position=&#8220;Oberstudienrat&#8220; image_url=&#8220;https:\/\/csbwv.de\/wp-content\/uploads\/2023\/03\/Personal-Herr-Wibbe-320-400.jpg&#8220; _builder_version=&#8220;4.20.2&#8243; _module_preset=&#8220;default&#8220; body_line_height=&#8220;1.6em&#8220; position_text_color=&#8220;#000000&#8243; position_font_size=&#8220;16px&#8220; custom_margin=&#8220;||||false|false&#8220; custom_margin_tablet=&#8220;||50px||false|false&#8220; custom_margin_phone=&#8220;||50px||false|false&#8220; custom_margin_last_edited=&#8220;on|tablet&#8220; custom_padding=&#8220;0px|5px|0px|0px|true|false&#8220; animation_style=&#8220;slide&#8220; animation_direction=&#8220;right&#8220; border_color_all=&#8220;#2a2a2a&#8220; global_colors_info=&#8220;{}&#8220;]<\/p>\n<table style=\"width: 70%; border: 0px none; border-collapse: collapse; margin: 0px; padding: 0px; border-spacing: 0px; text-indent: -0.5em;\">\n<tbody>\n<tr>\n<td style=\"width: 15%; border: 0; cellspacing: 0;\">Telefon:<\/td>\n<td style=\"width: 85%; border: 0;\">0521 51-2427<\/td>\n<\/tr>\n<tr>\n<td style=\"width: 15%; border: 0;\">E-Mail:<\/td>\n<td style=\"width: 85%; border: 0;\">Udo.Wibbe@csbwv.de<\/td>\n<\/tr>\n<tr>\n<td style=\"width: 15%; border: 0;\"><\/td>\n<td style=\"width: 85%; border: 0;\"><\/td>\n<\/tr>\n<\/tbody>\n<\/table>\n<h5>Bildungsgangleitung<\/h5>\n<p>[\/et_pb_team_member][et_pb_team_member name=&#8220;Gwendolin Otte&#8220; position=&#8220;Studiendirektorin&#8220; image_url=&#8220;https:\/\/csbwv.de\/wp-content\/uploads\/2024\/04\/Roth-320-400.jpg&#8220; _builder_version=&#8220;4.25.0&#8243; _module_preset=&#8220;default&#8220; body_line_height=&#8220;1.6em&#8220; position_text_color=&#8220;#000000&#8243; position_font_size=&#8220;16px&#8220; custom_margin=&#8220;||||false|false&#8220; custom_margin_tablet=&#8220;||50px||false|false&#8220; custom_margin_phone=&#8220;||50px||false|false&#8220; custom_margin_last_edited=&#8220;on|tablet&#8220; custom_padding=&#8220;0px|5px|0px|0px|true|false&#8220; animation_style=&#8220;slide&#8220; animation_direction=&#8220;right&#8220; border_color_all=&#8220;#2a2a2a&#8220; global_colors_info=&#8220;{}&#8220;]<\/p>\n<table style=\"width: 70%; border: 0px none; border-collapse: collapse; margin: 0px; padding: 0px; border-spacing: 0px; text-indent: -0.5em;\">\n<tbody>\n<tr>\n<td style=\"width: 15%; border: 0; cellspacing: 0;\">Telefon:<\/td>\n<td style=\"width: 85%; border: 0;\">0521 51-2427<\/td>\n<\/tr>\n<tr>\n<td style=\"width: 15%; border: 0;\">E-Mail:<\/td>\n<td style=\"width: 85%; border: 0;\">Gwendolin.Otte@csbwv.de<\/td>\n<\/tr>\n<tr>\n<td style=\"width: 15%; border: 0;\"><\/td>\n<td style=\"width: 85%; border: 0;\"><\/td>\n<\/tr>\n<\/tbody>\n<\/table>\n<h5>Bereichsleitung<\/h5>\n<p>[\/et_pb_team_member][\/et_pb_column][\/et_pb_section][et_pb_section fb_built=&#8220;1&#8243; _builder_version=&#8220;4.19.4&#8243; _module_preset=&#8220;default&#8220; custom_margin=&#8220;0px||0px||false|false&#8220; custom_padding=&#8220;0px||0px||false|false&#8220; global_colors_info=&#8220;{}&#8220;][et_pb_row _builder_version=&#8220;4.19.4&#8243; _module_preset=&#8220;default&#8220; custom_margin=&#8220;0px||0px||false|false&#8220; custom_padding=&#8220;0px||0px||false|false&#8220; global_colors_info=&#8220;{}&#8220;][et_pb_column type=&#8220;4_4&#8243; _builder_version=&#8220;4.19.4&#8243; _module_preset=&#8220;default&#8220; global_colors_info=&#8220;{}&#8220;][et_pb_text _builder_version=&#8220;4.20.2&#8243; _module_preset=&#8220;default&#8220; custom_margin=&#8220;||||false|false&#8220; animation_style=&#8220;fade&#8220; global_colors_info=&#8220;{}&#8220;]<\/p>\n<h3>Erwerbbare Abschl\u00fcsse<\/h3>\n<p>Nach erfolgreichem Abschluss des Berufskollegs erhalten Sie den Berufsschulabschluss f\u00fcr den Ausbildungsberuf \u201eFachkraft oder Servicekraft f\u00fcr Schutz und Sicherheit\u201c.<\/p>\n<p>Nach erfolgreichem Abschluss der Pr\u00fcfung vor der Industrie- und Handelskammer sind Sie \u201eFachkraft f\u00fcr Schutz und Sicherheit\u201c oder \u201eServicekraft f\u00fcr Schutz und Sicherheit\u201c.<\/p>\n<p>Wenn Sie bereits \u00fcber den schulischen Teil der Fachhochschulreife verf\u00fcgen, erwerben Sie mit ihrer Ausbildung die volle Fachhochschulreife.<\/p>\n<p>Der mittlere Schulabschluss (Fachoberschulreife) kann erworben werden, wenn die notwendigen Kenntnisse im Fach Fremdsprachlicher Kommunikation\/Englisch nachgewiesen werden und der Berufsschulabschluss mit einer Durchschnittsnote von mindestens 3,0 erworben wird.<\/p>\n<p>[\/et_pb_text][et_pb_text content_tablet=&#8220;<\/p>\n<h3>Weiterbildungsm\u00f6glichkeiten<\/h3>\n<ul>\n<li>Studium an einer Universit\u00e4t oder Fachhochschule<\/li>\n<li>Duales Studium: Kombination von Berufsausbildung und Studium<\/li>\n<li>Aufnahme einer Berufsausbildung<\/li>\n<\/ul>\n<p>&#8220; content_phone=&#8220;<\/p>\n<h4>Weiterbildungsm\u00f6glichkeiten<\/h4>\n<ul>\n<li>Studium an einer Universit\u00e4t oder Fachhochschule<\/li>\n<li>Duales Studium: Kombination von Berufsausbildung und Studium<\/li>\n<li>Aufnahme einer Berufsausbildung<\/li>\n<\/ul>\n<p>&#8220; content_last_edited=&#8220;off|desktop&#8220; _builder_version=&#8220;4.20.2&#8243; _module_preset=&#8220;default&#8220; custom_margin=&#8220;||||false|false&#8220; animation_style=&#8220;fade&#8220; global_colors_info=&#8220;{}&#8220;]<\/p>\n<h3>Weiterbildung<\/h3>\n<p>Eine Aufstiegsweiterbildung hilft, beruflich voranzukommen und F\u00fchrungspositionen zu erreichen. Naheliegend ist es, die Pr\u00fcfung als Meister\/in f\u00fcr Schutz und Sicherheit abzulegen.<\/p>\n<p>Mit einer Hochschulzugangsberechtigung kann man auch studieren und beispielsweise einen Bachelorabschluss im Studienfach Sicherheitsmanagement erwerben.<\/p>\n<p>[\/et_pb_text][\/et_pb_column][\/et_pb_row][et_pb_row column_structure=&#8220;3_5,2_5&#8243; _builder_version=&#8220;4.19.4&#8243; _module_preset=&#8220;default&#8220; custom_padding=&#8220;||6px|||&#8220; global_colors_info=&#8220;{}&#8220;][et_pb_column type=&#8220;3_5&#8243; _builder_version=&#8220;4.19.4&#8243; _module_preset=&#8220;default&#8220; global_colors_info=&#8220;{}&#8220;][et_pb_text content_tablet=&#8220;<\/p>\n<h3>Schwerpunkt: nachhaltig wirtschaften<\/h3>\n<p>Du erwirbst in den berufsbezogenen F\u00e4chern die optimale Grundlage f\u00fcr eine Ausbildung im kaufm\u00e4nnischen Bereich oder f\u00fcr ein weiterf\u00fchrendes Studium an einer Fachhochschule.<\/p>\n<p><strong>Zukunft nachhaltig gestalten<\/strong><\/p>\n<p>Du erwirbst vertiefte Kenntnisse und F\u00e4higkeiten, um Wirtschaft und Gesellschaft nachhaltig und gemeinwohlorientiert zu gestalten.<\/p>\n<p><strong>Besondere Inhalte:<\/strong><br \/>\u2022 Inhaltliche Ausrichtung s\u00e4mtlicher Unterrichtsf\u00e4cher auf das Thema Nachhaltigkeit<br \/>\u2022 Zus\u00e4tzlicher Projektunterricht (2 Stunden)<br \/>\u2022 Bewirtschaftung einer nachhaltigen Sch\u00fclergenossenschaft<br \/>\u2022 Einbindung au\u00dferschulischer Lernorteund Kooperationspartner<\/p>\n<p>&#8220; content_phone=&#8220;<\/p>\n<h3>Schwerpunkt: <br \/>nachhaltig wirtschaften<\/h3>\n<p>Du erwirbst in den berufsbezogenen F\u00e4chern die optimale Grundlage f\u00fcr eine Ausbildung im kaufm\u00e4nnischen Bereich oder f\u00fcr ein weiterf\u00fchrendes Studium an einer Fachhochschule.<\/p>\n<p><strong>Zukunft nachhaltig gestalten<\/strong><\/p>\n<p>Du erwirbst vertiefte Kenntnisse und F\u00e4higkeiten, um Wirtschaft und Gesellschaft nachhaltig und gemeinwohlorientiert zu gestalten.<\/p>\n<p><strong>Besondere Inhalte:<\/strong><br \/>\u2022 Inhaltliche Ausrichtung s\u00e4mtlicher Unterrichtsf\u00e4cher auf das Thema Nachhaltigkeit<br \/>\u2022 Zus\u00e4tzlicher Projektunterricht (2 Stunden)<br \/>\u2022 Bewirtschaftung einer nachhaltigen Sch\u00fclergenossenschaft<br \/>\u2022 Einbindung au\u00dferschulischer Lernorteund Kooperationspartner<\/p>\n<p>&#8220; content_last_edited=&#8220;off|desktop&#8220; _builder_version=&#8220;4.20.2&#8243; _module_preset=&#8220;default&#8220; animation_style=&#8220;fade&#8220; global_colors_info=&#8220;{}&#8220;]<\/p>\n<h3>Projekte<\/h3>\n<p><strong>Ausbildung zum Brandschutzhelfer<\/strong><\/p>\n<p>Aufgrund der gro\u00dfz\u00fcgigen kostenlosen Unterst\u00fctzung durch die Feuerwehr Lemgo haben alle Auszubildenden die M\u00f6glichkeit zus\u00e4tzlich die Ausbildung zum \u201eBrandschutzhelfer\u201c zu absolvieren.<\/p>\n<p>Die Ausbildung wird im zweiten Ausbildungsjahr im Fach \u201eSchutzma\u00dfnahmen und Sicherheitstechnik\u201c vorbereitet und kann anschlie\u00dfend an zwei Berufsschultagen bei der Feuerwehr in Lemgo komplettiert werden.<\/p>\n<p>Nach erfolgreicher Teilnahme erhalten die Auszubildenden von der Feuerwehr in Lemgo das entsprechende Zertifikat, welches von Kunden der Sicherheitswirtschaft oft nachgefragt wird.<\/p>\n<p><strong>Kommunikations- und Teamtraining<\/strong><\/p>\n<p>Kanu und Action zur St\u00e4rkung der Gemeinschaft! Raus aus dem Alltag und rein in das Abenteuer \u201eTeamwork\u201c.<\/p>\n<p>Zwei ausgef\u00fcllte Tage geben die Gelegenheit ganz andere Seiten an sich und den anderen kennen zu lernen. Ein Tag voller neuer abenteuerlicher Aktionen, eine gemeinsam verbrachte Nacht und eine Kanutour tragen zur St\u00e4rkung der Gemeinschaft bei. Miteinander reden, Absprachen treffen (und dann auch einhalten), sich gegenseitig helfen und vertrauen sind nicht nur Voraussetzungen, um im Kanu geradeaus zu paddeln.<\/p>\n<p><strong>Das KMK-Fremdsprachenzertifikat<\/strong><\/p>\n<p>F\u00fcr die Auszubildenden am Carl-Severing-Berufskolleg f\u00fcr Wirtschaft und Verwaltung besteht die M\u00f6glichkeit ein Fremsprachenzertifikat in Englisch zu erwerben. Das KMK-Fremdsprachenzertifikat ist ein bundesweit einheitlich geregeltes Zertifikat zum Nachweis berufsbezogener Fremdsprachenkompetenzen. Sch\u00fclerinnen und Sch\u00fcler berufsbildender Schulen k\u00f6nnen es nach erfolgreichem Ablegen einer speziellen Fremdsprachenpr\u00fcfung erwerben und somit eine f\u00fcr den beruflichen Werdegang bedeutsame Zusatzqualifikation vorweisen.<\/p>\n<p><a href=\"https:\/\/csbwv.de\/index.php\/formulare-antrage\/\"><\/a><strong>Auslandspraktika<\/strong><\/p>\n<p>Das CSBWV ist am Projekt Fit f\u00fcr Europa der Bezirksregierung in Detmold beteiligt. Im Rahmen von \u201eFit f\u00fcr Europa\u201c haben Sie die M\u00f6glichkeit ein Auslandspraktikum von 3-4 Wochen in einem Unternehmen im europ\u00e4ischen Ausland durchzuf\u00fchren. Weitere Informationen hierzu erhalten Sie bei uns am Berufskolleg.<\/p>\n<p>[\/et_pb_text][et_pb_button button_url=&#8220;https:\/\/csbwv.de\/index.php\/anmeldung-berufsschule\/&#8220; button_text=&#8220;Zur Anmeldung&#8220; _builder_version=&#8220;4.20.0&#8243; _module_preset=&#8220;default&#8220; global_colors_info=&#8220;{}&#8220;][\/et_pb_button][\/et_pb_column][et_pb_column type=&#8220;2_5&#8243; _builder_version=&#8220;4.19.4&#8243; _module_preset=&#8220;default&#8220; global_colors_info=&#8220;{}&#8220;][et_pb_image src=&#8220;https:\/\/csbwv.de\/wp-content\/uploads\/2023\/03\/SI-Projekte1-600-450&#215;307.jpg&#8220; alt=&#8220;Brandschutz\u00fcbung&#8220; title_text=&#8220;SI-Projekte1-600&#8243; show_in_lightbox=&#8220;on&#8220; _builder_version=&#8220;4.20.2&#8243; _module_preset=&#8220;default&#8220; custom_margin=&#8220;||20px||false|false&#8220; animation_style=&#8220;slide&#8220; animation_direction=&#8220;right&#8220; global_colors_info=&#8220;{}&#8220;][\/et_pb_image][et_pb_image src=&#8220;https:\/\/csbwv.de\/wp-content\/uploads\/2023\/03\/SI-Projekt2-Kanu-l.jpg&#8220; alt=&#8220;Kanufahrt -Fachkr\u00e4fte f\u00fcr Schutz und Sicherheit &#8211; CSBWV&#8220; title_text=&#8220;SI-Projekt2-Kanu-l&#8220; show_in_lightbox=&#8220;on&#8220; _builder_version=&#8220;4.20.2&#8243; _module_preset=&#8220;default&#8220; animation_style=&#8220;slide&#8220; animation_direction=&#8220;right&#8220; global_colors_info=&#8220;{}&#8220;][\/et_pb_image][\/et_pb_column][\/et_pb_row][\/et_pb_section]<\/p>\n","protected":false},"excerpt":{"rendered":"<p>Fachkr\u00e4fte f\u00fcr Schutz und SicherheitFachkr\u00e4fte und Servicekr\u00e4fte f\u00fcr Schutz und Sicherheit sch\u00fctzen Personen, Objekte, Anlagen und Werte. Sie planen vorbeugende Ma\u00dfnahmen f\u00fcr deren Sicherheit bzw. zur Abwehr von Gefahren und [&hellip;]<\/p>\n","protected":false},"author":1,"featured_media":0,"parent":0,"menu_order":0,"comment_status":"closed","ping_status":"closed","template":"","meta":{"_et_pb_use_builder":"on","_et_pb_old_content":"","_et_gb_content_width":"","footnotes":""},"class_list":["post-1680","page","type-page","status-publish","hentry"],"_links":{"self":[{"href":"https:\/\/csbwv.de\/index.php\/wp-json\/wp\/v2\/pages\/1680","targetHints":{"allow":["GET"]}}],"collection":[{"href":"https:\/\/csbwv.de\/index.php\/wp-json\/wp\/v2\/pages"}],"about":[{"href":"https:\/\/csbwv.de\/index.php\/wp-json\/wp\/v2\/types\/page"}],"author":[{"embeddable":true,"href":"https:\/\/csbwv.de\/index.php\/wp-json\/wp\/v2\/users\/1"}],"replies":[{"embeddable":true,"href":"https:\/\/csbwv.de\/index.php\/wp-json\/wp\/v2\/comments?post=1680"}],"version-history":[{"count":12,"href":"https:\/\/csbwv.de\/index.php\/wp-json\/wp\/v2\/pages\/1680\/revisions"}],"predecessor-version":[{"id":3441,"href":"https:\/\/csbwv.de\/index.php\/wp-json\/wp\/v2\/pages\/1680\/revisions\/3441"}],"wp:attachment":[{"href":"https:\/\/csbwv.de\/index.php\/wp-json\/wp\/v2\/media?parent=1680"}],"curies":[{"name":"wp","href":"https:\/\/api.w.org\/{rel}","templated":true}]}}